{"id":94,"date":"2018-09-27T16:57:48","date_gmt":"2018-09-27T13:57:48","guid":{"rendered":"http:\/\/kiamaria.fi\/?page_id=94"},"modified":"2022-10-11T12:56:38","modified_gmt":"2022-10-11T09:56:38","slug":"kiamaria-2","status":"publish","type":"page","link":"https:\/\/kiamaria.fi\/","title":{"rendered":"Etusivu"},"content":{"rendered":"\t\t<div data-elementor-type=\"wp-post\" data-elementor-id=\"94\" class=\"elementor elementor-94\">\n\t\t\t\t\t\t<section class=\"elementor-section elementor-top-section elementor-element elementor-element-44a18a82 elementor-section-boxed elementor-section-height-default elementor-section-height-default\" data-id=\"44a18a82\" data-element_type=\"section\" data-e-type=\"section\">\n\t\t\t\t\t\t<div class=\"elementor-container elementor-column-gap-default\">\n\t\t\t\t\t<div class=\"elementor-column elementor-col-100 elementor-top-column elementor-element elementor-element-543dcf4b\" data-id=\"543dcf4b\" data-element_type=\"column\" data-e-type=\"column\">\n\t\t\t<div class=\"elementor-widget-wrap elementor-element-populated\">\n\t\t\t\t\t\t<div class=\"elementor-element elementor-element-6cd05d5 elementor-widget elementor-widget-text-editor\" data-id=\"6cd05d5\" data-element_type=\"widget\" data-e-type=\"widget\" data-widget_type=\"text-editor.default\">\n\t\t\t\t<div class=\"elementor-widget-container\">\n\t\t\t\t\t\t\t\t\t<h4><strong>Tervetuloa tutustumaan Kiamarian tarjontaan!<\/strong><\/h4><p>Olen Kia Kujala, k\u00e4\u00e4nt\u00e4j\u00e4, journalisti ja luova kirjoittaja.<\/p><p>Minulta voit tilata laadukkaat k\u00e4\u00e4nn\u00f6spalvelut kieliparissa englanti-suomi. Tarjoan my\u00f6s ammattitaitoista tekstinhuoltoa sek\u00e4 luovaa markkinointiviestinn\u00e4n sis\u00e4ll\u00f6ntuotantoa suomen kielell\u00e4. Lis\u00e4ksi voit tilata artikkeleita ja blogitekstej\u00e4 asiakaslehtiin ja yrityksesi verkkosivuille.<\/p><h4>Koulutus<\/h4><ul><li>FM Monikielisen viestinn\u00e4n ja k\u00e4\u00e4nn\u00f6stieteen opinto-ohjelma, Tampereen yliopisto.<\/li><\/ul><p>P\u00e4\u00e4aine: k\u00e4\u00e4nn\u00f6stiede (englanti)<\/p><p>Sivuaineet: k\u00e4\u00e4nn\u00f6stiede (suomi), yleinen kirjallisuustiede, tiedotusoppi<\/p><p><strong>Muita koulutuksia:<\/strong><\/p><ul><li>Alkio-opisto: journalismin linja<\/li><li>Oriveden opisto: vapaa kirjoittajaohjelma<\/li><li>Oulun konservatorio: musiikin perusteet (klassinen piano)<\/li><li>Mielenterveyden ensiapu\u00ae 1 -ohjaajakoulutus<br \/><h4>\u00a0YRITYSTIEDOT<\/h4><\/li><\/ul><p><strong>Kiamaria<\/strong><\/p><p><strong>Y-tunnus:<\/strong> 2938121-4<\/p><p><strong>Kotipaikka<\/strong>: Tampere<\/p><h4>J\u00c4SENYYDET<\/h4><ul><li><a href=\"https:\/\/www.sktl.fi\/\">Suomen k\u00e4\u00e4nt\u00e4jien ja tulkkien liitto SKTL<\/a><\/li><li><a href=\"https:\/\/journalistiliitto.fi\/fi\/\">Suomen Journalistiliitto ry<\/a>: <a href=\"http:\/\/kaos-info.fi\/\">K\u00e4\u00e4nt\u00e4jien ammattiosasto KAOS<\/a><\/li><li><a href=\"http:\/\/www.freet.fi\/\">Suomen freelance-journalistit ry<\/a><\/li><li><a href=\"https:\/\/www.sanasto.fi\/\">Sanasto ry<\/a><\/li><\/ul>\t\t\t\t\t\t\t\t<\/div>\n\t\t\t\t<\/div>\n\t\t\t\t\t<\/div>\n\t\t<\/div>\n\t\t\t\t\t<\/div>\n\t\t<\/section>\n\t\t\t\t<section class=\"elementor-section elementor-top-section elementor-element elementor-element-3a15aa8 elementor-section-boxed elementor-section-height-default elementor-section-height-default\" data-id=\"3a15aa8\" data-element_type=\"section\" data-e-type=\"section\">\n\t\t\t\t\t\t<div class=\"elementor-container elementor-column-gap-default\">\n\t\t\t\t\t<div class=\"elementor-column elementor-col-100 elementor-top-column elementor-element elementor-element-aba5943\" data-id=\"aba5943\" data-element_type=\"column\" data-e-type=\"column\">\n\t\t\t<div class=\"elementor-widget-wrap elementor-element-populated\">\n\t\t\t\t\t\t<div class=\"elementor-element elementor-element-3096e4e elementor-widget elementor-widget-image\" data-id=\"3096e4e\" data-element_type=\"widget\" data-e-type=\"widget\" data-widget_type=\"image.default\">\n\t\t\t\t<div class=\"elementor-widget-container\">\n\t\t\t\t\t\t\t\t\t\t\t\t<figure class=\"wp-caption\">\n\t\t\t\t\t\t\t\t\t\t<img fetchpriority=\"high\" decoding=\"async\" width=\"200\" height=\"300\" src=\"https:\/\/kiamaria.fi\/wp-content\/uploads\/2020\/12\/Kia-Kujala-2-200x300.jpg\" class=\"attachment-medium size-medium wp-image-283\" alt=\"\" srcset=\"https:\/\/kiamaria.fi\/wp-content\/uploads\/2020\/12\/Kia-Kujala-2-200x300.jpg 200w, https:\/\/kiamaria.fi\/wp-content\/uploads\/2020\/12\/Kia-Kujala-2-683x1024.jpg 683w, https:\/\/kiamaria.fi\/wp-content\/uploads\/2020\/12\/Kia-Kujala-2-768x1152.jpg 768w, https:\/\/kiamaria.fi\/wp-content\/uploads\/2020\/12\/Kia-Kujala-2-1024x1536.jpg 1024w, https:\/\/kiamaria.fi\/wp-content\/uploads\/2020\/12\/Kia-Kujala-2.jpg 1067w\" sizes=\"100vw\" \/>\t\t\t\t\t\t\t\t\t\t\t<figcaption class=\"widget-image-caption wp-caption-text\">Kia Kujala<\/figcaption>\n\t\t\t\t\t\t\t\t\t\t<\/figure>\n\t\t\t\t\t\t\t\t\t<\/div>\n\t\t\t\t<\/div>\n\t\t\t\t\t<\/div>\n\t\t<\/div>\n\t\t\t\t\t<\/div>\n\t\t<\/section>\n\t\t\t\t<\/div>\n\t\t","protected":false},"excerpt":{"rendered":"<p>Tervetuloa tutustumaan Kiamarian tarjontaan! Olen Kia Kujala, k\u00e4\u00e4nt\u00e4j\u00e4, journalisti ja luova kirjoittaja. Minulta voit tilata laadukkaat k\u00e4\u00e4nn\u00f6spalvelut kieliparissa englanti-suomi. Tarjoan my\u00f6s ammattitaitoista tekstinhuoltoa sek\u00e4 luovaa markkinointiviestinn\u00e4n sis\u00e4ll\u00f6ntuotantoa suomen kielell\u00e4. Lis\u00e4ksi voit tilata artikkeleita ja blogitekstej\u00e4 asiakaslehtiin ja yrityksesi verkkosivuille. Koulutus FM Monikielisen viestinn\u00e4n ja k\u00e4\u00e4nn\u00f6stieteen opinto-ohjelma, Tampereen yliopisto. P\u00e4\u00e4aine: k\u00e4\u00e4nn\u00f6stiede (englanti) Sivuaineet: k\u00e4\u00e4nn\u00f6stiede (suomi), yleinen &hellip; <\/p>\n<p class=\"link-more\"><a href=\"https:\/\/kiamaria.fi\/\" class=\"more-link\">Jatka lukemista<span class=\"screen-reader-text\"> &#8221;Etusivu&#8221;<\/span><\/a><\/p>\n","protected":false},"author":1,"featured_media":0,"parent":0,"menu_order":1,"comment_status":"closed","ping_status":"closed","template":"","meta":{"footnotes":""},"class_list":["post-94","page","type-page","status-publish","hentry"],"_links":{"self":[{"href":"https:\/\/kiamaria.fi\/index.php?rest_route=\/wp\/v2\/pages\/94","targetHints":{"allow":["GET"]}}],"collection":[{"href":"https:\/\/kiamaria.fi\/index.php?rest_route=\/wp\/v2\/pages"}],"about":[{"href":"https:\/\/kiamaria.fi\/index.php?rest_route=\/wp\/v2\/types\/page"}],"author":[{"embeddable":true,"href":"https:\/\/kiamaria.fi\/index.php?rest_route=\/wp\/v2\/users\/1"}],"replies":[{"embeddable":true,"href":"https:\/\/kiamaria.fi\/index.php?rest_route=%2Fwp%2Fv2%2Fcomments&post=94"}],"version-history":[{"count":38,"href":"https:\/\/kiamaria.fi\/index.php?rest_route=\/wp\/v2\/pages\/94\/revisions"}],"predecessor-version":[{"id":346,"href":"https:\/\/kiamaria.fi\/index.php?rest_route=\/wp\/v2\/pages\/94\/revisions\/346"}],"wp:attachment":[{"href":"https:\/\/kiamaria.fi\/index.php?rest_route=%2Fwp%2Fv2%2Fmedia&parent=94"}],"curies":[{"name":"wp","href":"https:\/\/api.w.org\/{rel}","templated":true}]}}