{"id":86,"date":"2018-09-27T17:12:49","date_gmt":"2018-09-27T14:12:49","guid":{"rendered":"http:\/\/kiamaria.fi\/?page_id=86"},"modified":"2022-10-10T15:21:40","modified_gmt":"2022-10-10T12:21:40","slug":"hinnat","status":"publish","type":"page","link":"https:\/\/kiamaria.fi\/?page_id=86","title":{"rendered":"HINNAT"},"content":{"rendered":"<p><strong>K\u00e4\u00e4nn\u00f6sten hinnoittelu:<\/strong><\/p>\n<ul>\n<li>p\u00e4\u00e4s\u00e4\u00e4nt\u00f6isesti sanahinnoittelu alkutekstin mukaan<\/li>\n<li>hintaan vaikuttaa tekstin vaativuustaso ja ty\u00f6n kiireellisyys<\/li>\n<li>hinnat sis\u00e4lt\u00e4v\u00e4t k\u00e4\u00e4nn\u00f6ksen oikoluvun<\/li>\n<li>hintoihin lis\u00e4t\u00e4\u00e4n alv 24 %<\/li>\n<\/ul>\n<p>Oikolukuun ja copywriting-palveluihin sovelletaan tuntihinnoittelua.<\/p>\n<p>Pyyd\u00e4 tarjous!<\/p>\n","protected":false},"excerpt":{"rendered":"<p>K\u00e4\u00e4nn\u00f6sten hinnoittelu: p\u00e4\u00e4s\u00e4\u00e4nt\u00f6isesti sanahinnoittelu alkutekstin mukaan hintaan vaikuttaa tekstin vaativuustaso ja ty\u00f6n kiireellisyys hinnat sis\u00e4lt\u00e4v\u00e4t k\u00e4\u00e4nn\u00f6ksen oikoluvun hintoihin lis\u00e4t\u00e4\u00e4n alv 24 % Oikolukuun ja copywriting-palveluihin sovelletaan tuntihinnoittelua. Pyyd\u00e4 tarjous!<\/p>\n","protected":false},"author":1,"featured_media":0,"parent":0,"menu_order":0,"comment_status":"closed","ping_status":"closed","template":"","meta":{"footnotes":""},"class_list":["post-86","page","type-page","status-publish","hentry"],"_links":{"self":[{"href":"https:\/\/kiamaria.fi\/index.php?rest_route=\/wp\/v2\/pages\/86","targetHints":{"allow":["GET"]}}],"collection":[{"href":"https:\/\/kiamaria.fi\/index.php?rest_route=\/wp\/v2\/pages"}],"about":[{"href":"https:\/\/kiamaria.fi\/index.php?rest_route=\/wp\/v2\/types\/page"}],"author":[{"embeddable":true,"href":"https:\/\/kiamaria.fi\/index.php?rest_route=\/wp\/v2\/users\/1"}],"replies":[{"embeddable":true,"href":"https:\/\/kiamaria.fi\/index.php?rest_route=%2Fwp%2Fv2%2Fcomments&post=86"}],"version-history":[{"count":4,"href":"https:\/\/kiamaria.fi\/index.php?rest_route=\/wp\/v2\/pages\/86\/revisions"}],"predecessor-version":[{"id":103,"href":"https:\/\/kiamaria.fi\/index.php?rest_route=\/wp\/v2\/pages\/86\/revisions\/103"}],"wp:attachment":[{"href":"https:\/\/kiamaria.fi\/index.php?rest_route=%2Fwp%2Fv2%2Fmedia&parent=86"}],"curies":[{"name":"wp","href":"https:\/\/api.w.org\/{rel}","templated":true}]}}